.
7
Calculate the remainder when 5345 is divided by 299.
262
What is the remainder when 3278 is divided by 109?
8
Calculate the remainder when 1118 is divided by 129.
86
Calculate the remainder when 6995 is divided by 25.
20
Calculate the remainder when 8407 is divided by 649.
619
Calculate the remainder when 31494 is divided by 25.
19
Calculate the remainder when 6142 is divided by 642.
364
What is the remainder when 158656 is divided by 738?
724
What is the remainder when 6168 is divided by 770?
8
Calculate the remainder when 3836 is divided by 637.
14
What is the remainder when 19025 is divided by 1191?
1160
Calculate the remainder when 7765 is divided by 15.
10
Calculate the remainder when 576 is divided by 532.
44
What is the remainder when 315907 is divided by 99?
97
What is the remainder when 1110 is divided by 325?
135
What is the remainder when 12469 is divided by 2043?
211
What is the remainder when 57055 is divided by 113?
103
Calculate the remainder when 5487 is divided by 926.
857
Calculate the remainder when 52742 is divided by 3.
2
Calculate the remainder when 139675 is divided by 18.
13
What is the remainder when 65798 is divided by 21931?
5
Calculate the remainder when 112769 is divided by 128.
1
Calculate the remainder when 1430 is divided by 1363.
67
What is the remainder when 17217 is divided by 5734?
15
What is the remainder when 3369 is divided by 746?
385
Calculate the remainder when 177459 is divided by 467.
466
Calculate the remainder when 7094 is divided by 787.
11
What is the remainder when 13763 is divided by 13735?
28
Calculate the remainder when 1039 is divided by 503.
33
What is the remainder when 10802 is divided by 10794?
8
Calculate the remainder when 278 is divided by 11.
3
Calculate the remainder when 10803 is divided by 3559.
126
What is the remainder when 7860 is divided by 1290?
120
What is the remainder when 157227 is divided by 90?
87
What is the remainder when 27807 is divided by 901?
777
Calculate the remainder when 5928 is divided by 993.
963
What is the remainder when 6319 is divided by 2?
1
What is the remainder when 170601 is divided by 65?
41
What is the remainder when 23934 is divided by 8?
6
Calculate the remainder when 4640 is divided by 169.
77
What is the remainder when 94645 is divided by 1456?
5
What is the remainder when 65204 is divided by 331?
328
What is the remainder when 28721 is divided by 13?
4
What is the remainder when 18679 is divided by 40?
39
Calculate the remainder when 15167 is divided by 13.
9
Calculate the remainder when 205676 is divided by 2938.
16
Calculate the remainder when 19683 is divided by 2452.
67
What is the remainder when 35175 is divided by 201?
0
Calculate the remainder when 627158 is divided by 31.
28
What is the remainder when 325409 is divided by 3190?
29
What is the remainder when 11233 is divided by 1017?
46
Calculate the remainder when 23661 is divided by 263.
254
What is the remainder when 19546 is divided by 4728?
634
What is the remainder when 24373 is divided by 1737?
55
Calculate the remainder when 243344 is divided by 28.
24
Calculate the remainder when 2280096 is divided by 503.
500
Calculate the remainder when 10923 is divided by 103.
5
Calculate the remainder when 1706 is divided by 283.
8
What is the remainder when 1149 is divided by 96?
93
What is the remainder when 8438 is divided by 169?
157
What is the remainder when 4309 is divided by 72?
61
Calculate the remainder when 836 is divided by 105.
101
Calculate the remainder when 178 is divided by 56.
10
Calculate the remainder when 107 is divided by 46.
15
What is the remainder when 61186 is divided by 88?
26
Calculate the remainder when 5364 is divided by 2616.
132
What is the remainder when 2050 is divided by 47?
29
Calculate the remainder when 31736 is divided by 60.
56
What is the remainder when 6483 is divided by 1972?
567
What is the remainder when 1348 is divided by 1102?
246
What is the remainder when 253345 is divided by 63330?
25
Calculate the remainder when 87181 is divided by 82.
15
Calculate the remainder when 7992 is divided by 51.
36
What is the remainder when 17861 is divided by 850?
11
Calculate the remainder when 46532 is divided by 103.
79
Calculate the remainder when 87099 is divided by 7909.
100
Calculate the remainder when 12038 is divided by 446.
442
Calculate the remainder when 103792 is divided by 20756.
12
What is the remainder when 112323 is divided by 109?
53
Calculate the remainder when 17255 is divided by 1436.
23
Calculate the remainder when 48189 is divided by 9623.
74
What is the remainder when 6786 is divided by 29?
0
What is the remainder when 80478 is divided by 20?
18
What is the remainder when 7012 is divided by 3072?
868
Calculate the remainder when 580 is divided by 407.
173
What is the remainder when 4486 is divided by 497?
13
What is the remainder when 32484 is divided by 248?
244
What is the remainder when 440478 is divided by 17?
8
Calculate the remainder when 727249 is divided by 674.
3
Calculate the remainder when 36954 is divided by 242.
170
Calculate the remainder when 10323 is divided by 1.
0
What is the remainder when 4767 is divided by 31?
24
What is the remainder when 200746 is divided by 22303?
19
Calculate the remainder when 5407 is divided by 91.
38
Calculate the remainder when 11669 is divided by 2629.
1153
Calculate the remainder when 7209 is divided by 80.
9
Calculate the remainder when 115708 is divided by 166.
6
What is the remainder when 3911 is divided by 137?
75
Calculate the remainder when 14486 is divided by 453.
443
What is the remainder when 25576 is divided by 2838?
34
What is the remainder when 86 is divided by 53?
33
Calculate the remainder when 357159 is divided by 940.
899
What is the remainder when 18184 is divided by 113?
104
Calculate the remainder when 13282 is divided by 13279.
3
Calculate the remainder when 13043 is divided by 352.
19
Calculate the remainder when 247549 is divided by 57.
55
What is the remainder when 2002 is divided by 504?
490
Calculate the remainder when 253 is divided by 219.
34
Calculate the remainder when 2097346 is divided by 1048671.
4
What is the remainder when 142218 is divided by 71107?
4
What is the remainder when 3981 is divided by 975?
81
Calculate the remainder when 1419 is divided by 445.
84
Calculate the remainder when 45879 is divided by 399.
393
What is the remainder when 93577 is divided by 1114?
1
Calculate the remainder when 7725 is divided by 146.
133
What is the remainder when 255669 is divided by 636?
633
What is the remainder when 170432 is divided by 40?
32
What is the remainder when 1014621 is divided by 322?
321
Calculate the remainder when 10317 is divided by 31.
25
Calculate the remainder when 793442 is divided by 121.
45
What is the remainder when 4551 is divided by 1446?
213
Calculate the remainder when 227186 is divided by 19.
3
What is the remainder when 46183 is divided by 29?
15
What is the remainder when 29608 is divided by 90?
88
What is the remainder when 5153 is divided by 302?
19
Calculate the remainder when 49756 is divided by 721.
7
Calculate the remainder when 1517 is divided by 309.
281
Calculate the remainder when 4008 is divided by 1330.
18
What is the remainder when 1207 is divided by 957?
250
Calculate the remainder when 5778 is divided by 1151.
23
Calculate the remainder when 1009291 is divided by 12.
7
What is the remainder when 140574 is divided by 35137?
26
What is the remainder when 11066 is divided by 502?
22
Calculate the remainder when 1518 is divided by 517.
484
Calculate the remainder when 6064 is divided by 328.
160
What is the remainder when 54611 is divided by 329?
326
What is the remainder when 237 is divided by 131?
106
What is the remainder when 7904114 is divided by 22?
20
Calculate the remainder when 5042 is divided by 5036.
6
What is the remainder when 3006 is divided by 792?
630
What is the remainder when 3361 is divided by 309?
271
What is the remainder when 74460 is divided by 103?
94
Calculate the remainder when 3520 is divided by 503.
502
What is the remainder when 29417 is divided by 5880?
17
Calculate the remainder when 9340808 is divided by 9.
5
Calculate the remainder when 125655 is divided by 54.
51
Calculate the rema